{"id":2961,"date":"2025-12-01T09:55:51","date_gmt":"2025-12-01T09:55:51","guid":{"rendered":"https:\/\/acovnak.com\/?post_type=product&#038;p=2961"},"modified":"2025-12-01T11:14:26","modified_gmt":"2025-12-01T11:14:26","slug":"peugeot-408-hibrid","status":"publish","type":"product","link":"https:\/\/acovnak.com\/index.php\/product\/peugeot-408-hibrid\/","title":{"rendered":"Peugeot 408 Allure HIBRID"},"content":{"rendered":"<p><strong>Tehni\u010dki podaci<\/strong><\/p>\n<table>\n<tbody>\n<tr>\n<td valign=\"top\">Godina proizvodnje<\/td>\n<td>2025<\/td>\n<\/tr>\n<tr>\n<td valign=\"top\">Kubika\u017ea<\/td>\n<td>1.2<\/td>\n<\/tr>\n<tr>\n<td valign=\"top\">Snaga motora<\/td>\n<td>107 KS<\/td>\n<\/tr>\n<tr>\n<td valign=\"top\"><span lang=\"en-US\">Pogonsko gorivo<\/span><\/td>\n<td>benzin<\/td>\n<\/tr>\n<tr>\n<td valign=\"top\">Euro standard<\/td>\n<td>Euro 6<\/td>\n<\/tr>\n<tr>\n<td valign=\"top\">Tip mjenja\u010da<\/td>\n<td>automatski \/ hibridni modovi<\/td>\n<\/tr>\n<\/tbody>\n<\/table>\n<p><strong>Oprema<\/strong><\/p>\n<div class=\"table-wrapper\">\n<table>\n<tbody>\n<tr>\n<td valign=\"top\">Sigurnosni sustavi<\/td>\n<td>Upozorenje za nevezane pojaseve (svi redovi), pirotehni\u010dki zateza\u010di pojaseva (sprijeda i straga \u2013 bo\u010dna sjedala), ISOFIX (2 mjesta u drugom redu), Distance Alert \u2013 upozorenje na opasnost od sudara, Night vision \u2013 no\u0107no otkrivanje pje\u0161aka, sustav pra\u0107enja voza\u010deve pozornosti, Active Safety Brake (V-AEB, radar), utomatsko ko\u010denje u hitnom slu\u010daju, pro\u0161ireno prepoznavanje znakova i preporuke brzine<\/td>\n<\/tr>\n<tr>\n<td valign=\"top\">Napredni asistencijski sustavi<\/td>\n<td>Aktivni sustav upozorenja na nenamjerno napu\u0161tanje trake, aktivni tempomat Stop&amp;Go, limitator brzine, automatsko prebacivanje dugih\/kratkih svjetala, prepoznavanje prometnih znakova (pro\u0161ireno), 360\u00b0 sustav kamera (ovisno o paketu 360\u00b0), Blind Spot Monitoring \u2013 nadzor mrtvog kuta (s paketom Pogled 360\u00b0), Rear Warning \u2013 upozorenje na bo\u010dni promet pri vo\u017enji unazad<\/td>\n<\/tr>\n<tr>\n<td valign=\"top\">Upravljanje i pristup<\/td>\n<td>Peugeot i-Cockpit, digitalna instrument tabla 10\u2019\u2019 (2D), multifunkcijski ko\u017eni volan, daljinsko centralno zaklju\u010davanje, 2 daljinska upravlja\u010da (3 tipke), ADML \u2013 otklju\u010davanje i pokretanje bez klju\u010da, elektri\u010dno otvaranje prednjih i zadnjih stakala, unutra\u0161nji fotosenzibilni retrovizor, elektri\u010dna parkirna ko\u010dnica, podesiva sjedala (visina + lumbalna podr\u0161ka za voza\u010da), re\u017eimi vo\u017enje: ECO, NORMAL, SPORT, HIBRID<\/td>\n<\/tr>\n<tr>\n<td valign=\"top\">Parkiranje i preglednost<\/td>\n<td>Zadnji parking senzori, kamera za vo\u017enju unazad, mlaznica za pranje kamere, 360\u00b0 kamera (ovisno o paketu Pogled 360\u00b0), automatski brisa\u010di \u2013 senzor za ki\u0161u, LED dnevna svjetla integrirana u branik, LED prednji farovi, LED pokaziva\u010di smjera, LED stra\u017enja svjetla, dodatno zatamnjena bo\u010dna i zadnja stakla<\/td>\n<\/tr>\n<tr>\n<td valign=\"top\">Infotainment i povezivost<\/td>\n<td>10\u201d HD ekran na dodir (Edge dizajn), DAB+ digitalni radio, 6 zvu\u010dnika, Bluetooth handsfree, Mirror Screen (be\u017ei\u010dno), USB C (1x punjenje + 1x podaci), USB priklju\u010dci u drugom redu (2x), navigacija (ovisno o paketu e-Call \/ Connect Box), E-Call (ovisno o paketu J6HV)<\/td>\n<\/tr>\n<tr>\n<td valign=\"top\">Dizajn i udobnost<\/td>\n<td>Dvozonski automatski klima ure\u0111aj, uinutra\u0161njost TEP + tkanina &#8220;Isabella Mistral&#8221;, komfortna sjedala, grijana prednja sjedala, stra\u017enji naslon za ruke + otvor za skije, preklopiva klupa 1\/3 \u2013 2\/3, nasloni za glavu u 2. redu (3x), crna stropna obloga, dodatni pretinci i osvjetljenje prtlja\u017enika, vanjski elektropreklopivi retrovizori (crni), 17\u2019\u2019 alu felge \u201cSilex\u201d<\/td>\n<\/tr>\n<\/tbody>\n<\/table>\n<p>&nbsp;<\/p>\n<p><strong>Dodatna oprema<\/strong><\/p>\n<div class=\"table-wrapper\">\n<table>\n<tbody>\n<tr>\n<td valign=\"top\">Gume<\/td>\n<td>9VM0 \u2013 boja Crna Perla, J6GT \u2013 Pogled 360\u00b0, J6HV \u2013 E-Call paket, LV02 \u2013 Set za popravak guma<\/td>\n<\/tr>\n<\/tbody>\n<\/table>\n<p>&nbsp;<\/p>\n<\/div>\n<\/div>\n","protected":false},"excerpt":{"rendered":"<p>145 e-DCT6 kamera 360<\/p>\n","protected":false},"featured_media":2962,"comment_status":"closed","ping_status":"closed","template":"","meta":{"_acf_changed":false,"site-sidebar-layout":"right-sidebar","site-content-layout":"","ast-site-content-layout":"normal-width-container","site-content-style":"boxed","site-sidebar-style":"unboxed","ast-global-header-display":"","ast-banner-title-visibility":"","ast-main-header-display":"","ast-hfb-above-header-display":"","ast-hfb-below-header-display":"","ast-hfb-mobile-header-display":"","site-post-title":"","ast-breadcrumbs-content":"","ast-featured-img":"","footer-sml-layout":"","ast-disable-related-posts":"","theme-transparent-header-meta":"default","adv-header-id-meta":"","stick-header-meta":"","header-above-stick-meta":"","header-main-stick-meta":"","header-below-stick-meta":"","astra-migrate-meta-layouts":"set","ast-page-background-enabled":"default","ast-page-background-meta":{"desktop":{"background-color":"var(--ast-global-color-5)","background-image":"","background-repeat":"repeat","background-position":"center center","background-size":"auto","background-attachment":"scroll","background-type":"","background-media":"","overlay-type":"","overlay-color":"","overlay-opacity":"","overlay-gradient":""},"tablet":{"background-color":"","background-image":"","background-repeat":"repeat","background-position":"center center","background-size":"auto","background-attachment":"scroll","background-type":"","background-media":"","overlay-type":"","overlay-color":"","overlay-opacity":"","overlay-gradient":""},"mobile":{"background-color":"","background-image":"","background-repeat":"repeat","background-position":"center center","background-size":"auto","background-attachment":"scroll","background-type":"","background-media":"","overlay-type":"","overlay-color":"","overlay-opacity":"","overlay-gradient":""}},"ast-content-background-meta":{"desktop":{"background-color":"var(--ast-global-color-4)","background-image":"","background-repeat":"repeat","background-position":"center center","background-size":"auto","background-attachment":"scroll","background-type":"","background-media":"","overlay-type":"","overlay-color":"","overlay-opacity":"","overlay-gradient":""},"tablet":{"background-color":"var(--ast-global-color-4)","background-image":"","background-repeat":"repeat","background-position":"center center","background-size":"auto","background-attachment":"scroll","background-type":"","background-media":"","overlay-type":"","overlay-color":"","overlay-opacity":"","overlay-gradient":""},"mobile":{"background-color":"var(--ast-global-color-4)","background-image":"","background-repeat":"repeat","background-position":"center center","background-size":"auto","background-attachment":"scroll","background-type":"","background-media":"","overlay-type":"","overlay-color":"","overlay-opacity":"","overlay-gradient":""}}},"product_brand":[],"product_cat":[33,34],"product_tag":[],"class_list":{"0":"post-2961","1":"product","2":"type-product","3":"status-publish","4":"has-post-thumbnail","6":"product_cat-peugeot","7":"product_cat-salonska-vozila","8":"desktop-align-left","9":"tablet-align-left","10":"mobile-align-left","12":"first","13":"instock","14":"sale","15":"shipping-taxable","16":"purchasable","17":"product-type-simple"},"acf":[],"yoast_head":"<!-- This site is optimized with the Yoast SEO plugin v27.3 - https:\/\/yoast.com\/product\/yoast-seo-wordpress\/ -->\n<title>Peugeot 408 2025 \u2013 Hibrid, Allure, LED, Kamera | AC Ovnak<\/title>\n<meta name=\"description\" content=\"Peugeot 408 2025 Benzin 1.2 PureTech u Allure opremi. LED svjetla, kamera unazad, grijana sjedala i napredni sigurnosni sustavi. Dostupan u AC Ovnaku.\" \/>\n<meta name=\"robots\" content=\"index, follow, max-snippet:-1, max-image-preview:large, max-video-preview:-1\" \/>\n<link rel=\"canonical\" href=\"https:\/\/acovnak.com\/index.php\/product\/peugeot-408-hibrid\/\" \/>\n<meta property=\"og:locale\" content=\"en_US\" \/>\n<meta property=\"og:type\" content=\"article\" \/>\n<meta property=\"og:title\" content=\"Peugeot 408 2025 \u2013 Hibrid, Allure, LED, Kamera | AC Ovnak\" \/>\n<meta property=\"og:description\" content=\"Peugeot 408 2025 Benzin 1.2 PureTech u Allure opremi. LED svjetla, kamera unazad, grijana sjedala i napredni sigurnosni sustavi. Dostupan u AC Ovnaku.\" \/>\n<meta property=\"og:url\" content=\"https:\/\/acovnak.com\/index.php\/product\/peugeot-408-hibrid\/\" \/>\n<meta property=\"og:site_name\" content=\"AC Ovnak\" \/>\n<meta property=\"article:modified_time\" content=\"2025-12-01T11:14:26+00:00\" \/>\n<meta property=\"og:image\" content=\"https:\/\/mlzqr9sz3jli.i.optimole.com\/cb:0gPR.28e\/w:auto\/h:auto\/q:mauto\/f:best\/https:\/\/acovnak.com\/wp-content\/uploads\/2025\/12\/23-peugeot-408-gt1000x667.webp\" \/>\n\t<meta property=\"og:image:width\" content=\"889\" \/>\n\t<meta property=\"og:image:height\" content=\"667\" \/>\n\t<meta property=\"og:image:type\" content=\"image\/webp\" \/>\n<meta name=\"twitter:card\" content=\"summary_large_image\" \/>\n<meta name=\"twitter:label1\" content=\"Est. reading time\" \/>\n\t<meta name=\"twitter:data1\" content=\"2 minutes\" \/>\n<script type=\"application\/ld+json\" class=\"yoast-schema-graph\">{\"@context\":\"https:\\\/\\\/schema.org\",\"@graph\":[{\"@type\":\"WebPage\",\"@id\":\"https:\\\/\\\/acovnak.com\\\/index.php\\\/product\\\/peugeot-408-hibrid\\\/\",\"url\":\"https:\\\/\\\/acovnak.com\\\/index.php\\\/product\\\/peugeot-408-hibrid\\\/\",\"name\":\"Peugeot 408 2025 \u2013 Hibrid, Allure, LED, Kamera | AC Ovnak\",\"isPartOf\":{\"@id\":\"https:\\\/\\\/acovnak.com\\\/#website\"},\"primaryImageOfPage\":{\"@id\":\"https:\\\/\\\/acovnak.com\\\/index.php\\\/product\\\/peugeot-408-hibrid\\\/#primaryimage\"},\"image\":{\"@id\":\"https:\\\/\\\/acovnak.com\\\/index.php\\\/product\\\/peugeot-408-hibrid\\\/#primaryimage\"},\"thumbnailUrl\":\"https:\\/\\/acovnak.com\\/wp-content\\/uploads\\/2025\\/12\\/23-peugeot-408-gt^1000x667^.webp\",\"datePublished\":\"2025-12-01T09:55:51+00:00\",\"dateModified\":\"2025-12-01T11:14:26+00:00\",\"description\":\"Peugeot 408 2025 Benzin 1.2 PureTech u Allure opremi. LED svjetla, kamera unazad, grijana sjedala i napredni sigurnosni sustavi. Dostupan u AC Ovnaku.\",\"breadcrumb\":{\"@id\":\"https:\\\/\\\/acovnak.com\\\/index.php\\\/product\\\/peugeot-408-hibrid\\\/#breadcrumb\"},\"inLanguage\":\"en-US\",\"potentialAction\":[{\"@type\":\"ReadAction\",\"target\":[\"https:\\\/\\\/acovnak.com\\\/index.php\\\/product\\\/peugeot-408-hibrid\\\/\"]}]},{\"@type\":\"ImageObject\",\"inLanguage\":\"en-US\",\"@id\":\"https:\\\/\\\/acovnak.com\\\/index.php\\\/product\\\/peugeot-408-hibrid\\\/#primaryimage\",\"url\":\"https:\\/\\/acovnak.com\\/wp-content\\/uploads\\/2025\\/12\\/23-peugeot-408-gt^1000x667^.webp\",\"contentUrl\":\"https:\\/\\/acovnak.com\\/wp-content\\/uploads\\/2025\\/12\\/23-peugeot-408-gt^1000x667^.webp\",\"width\":889,\"height\":667},{\"@type\":\"BreadcrumbList\",\"@id\":\"https:\\\/\\\/acovnak.com\\\/index.php\\\/product\\\/peugeot-408-hibrid\\\/#breadcrumb\",\"itemListElement\":[{\"@type\":\"ListItem\",\"position\":1,\"name\":\"Home\",\"item\":\"https:\\\/\\\/acovnak.com\\\/\"},{\"@type\":\"ListItem\",\"position\":2,\"name\":\"Products\",\"item\":\"https:\\\/\\\/acovnak.com\\\/index.php\\\/shop__trashed\\\/\"},{\"@type\":\"ListItem\",\"position\":3,\"name\":\"Peugeot 408 Allure HIBRID\"}]},{\"@type\":\"WebSite\",\"@id\":\"https:\\\/\\\/acovnak.com\\\/#website\",\"url\":\"https:\\\/\\\/acovnak.com\\\/\",\"name\":\"AC Ovnak\",\"description\":\"\",\"publisher\":{\"@id\":\"https:\\\/\\\/acovnak.com\\\/#organization\"},\"potentialAction\":[{\"@type\":\"SearchAction\",\"target\":{\"@type\":\"EntryPoint\",\"urlTemplate\":\"https:\\\/\\\/acovnak.com\\\/?s={search_term_string}\"},\"query-input\":{\"@type\":\"PropertyValueSpecification\",\"valueRequired\":true,\"valueName\":\"search_term_string\"}}],\"inLanguage\":\"en-US\"},{\"@type\":\"Organization\",\"@id\":\"https:\\\/\\\/acovnak.com\\\/#organization\",\"name\":\"AC Ovnak\",\"url\":\"https:\\\/\\\/acovnak.com\\\/\",\"logo\":{\"@type\":\"ImageObject\",\"inLanguage\":\"en-US\",\"@id\":\"https:\\\/\\\/acovnak.com\\\/#\\\/schema\\\/logo\\\/image\\\/\",\"url\":\"https:\\/\\/acovnak.com\\/wp-content\\/uploads\\/2025\\/06\\/Ovnak-auto-centar-crveni.png\",\"contentUrl\":\"https:\\/\\/acovnak.com\\/wp-content\\/uploads\\/2025\\/06\\/Ovnak-auto-centar-crveni.png\",\"width\":1726,\"height\":321,\"caption\":\"AC Ovnak\"},\"image\":{\"@id\":\"https:\\\/\\\/acovnak.com\\\/#\\\/schema\\\/logo\\\/image\\\/\"}}]}<\/script>\n<!-- \/ Yoast SEO plugin. -->","yoast_head_json":{"title":"Peugeot 408 2025 \u2013 Hibrid, Allure, LED, Kamera | AC Ovnak","description":"Peugeot 408 2025 Benzin 1.2 PureTech u Allure opremi. LED svjetla, kamera unazad, grijana sjedala i napredni sigurnosni sustavi. Dostupan u AC Ovnaku.","robots":{"index":"index","follow":"follow","max-snippet":"max-snippet:-1","max-image-preview":"max-image-preview:large","max-video-preview":"max-video-preview:-1"},"canonical":"https:\/\/acovnak.com\/index.php\/product\/peugeot-408-hibrid\/","og_locale":"en_US","og_type":"article","og_title":"Peugeot 408 2025 \u2013 Hibrid, Allure, LED, Kamera | AC Ovnak","og_description":"Peugeot 408 2025 Benzin 1.2 PureTech u Allure opremi. LED svjetla, kamera unazad, grijana sjedala i napredni sigurnosni sustavi. Dostupan u AC Ovnaku.","og_url":"https:\/\/acovnak.com\/index.php\/product\/peugeot-408-hibrid\/","og_site_name":"AC Ovnak","article_modified_time":"2025-12-01T11:14:26+00:00","og_image":[{"width":889,"height":667,"url":"https:\/\/mlzqr9sz3jli.i.optimole.com\/cb:0gPR.28e\/w:auto\/h:auto\/q:mauto\/f:best\/https:\/\/acovnak.com\/wp-content\/uploads\/2025\/12\/23-peugeot-408-gt^1000x667^.webp","type":"image\/webp"}],"twitter_card":"summary_large_image","twitter_misc":{"Est. reading time":"2 minutes"},"schema":{"@context":"https:\/\/schema.org","@graph":[{"@type":"WebPage","@id":"https:\/\/acovnak.com\/index.php\/product\/peugeot-408-hibrid\/","url":"https:\/\/acovnak.com\/index.php\/product\/peugeot-408-hibrid\/","name":"Peugeot 408 2025 \u2013 Hibrid, Allure, LED, Kamera | AC Ovnak","isPartOf":{"@id":"https:\/\/acovnak.com\/#website"},"primaryImageOfPage":{"@id":"https:\/\/acovnak.com\/index.php\/product\/peugeot-408-hibrid\/#primaryimage"},"image":{"@id":"https:\/\/acovnak.com\/index.php\/product\/peugeot-408-hibrid\/#primaryimage"},"thumbnailUrl":"https:\/\/mlzqr9sz3jli.i.optimole.com\/cb:0gPR.28e\/w:auto\/h:auto\/q:mauto\/f:best\/https:\/\/acovnak.com\/wp-content\/uploads\/2025\/12\/23-peugeot-408-gt^1000x667^.webp","datePublished":"2025-12-01T09:55:51+00:00","dateModified":"2025-12-01T11:14:26+00:00","description":"Peugeot 408 2025 Benzin 1.2 PureTech u Allure opremi. LED svjetla, kamera unazad, grijana sjedala i napredni sigurnosni sustavi. Dostupan u AC Ovnaku.","breadcrumb":{"@id":"https:\/\/acovnak.com\/index.php\/product\/peugeot-408-hibrid\/#breadcrumb"},"inLanguage":"en-US","potentialAction":[{"@type":"ReadAction","target":["https:\/\/acovnak.com\/index.php\/product\/peugeot-408-hibrid\/"]}]},{"@type":"ImageObject","inLanguage":"en-US","@id":"https:\/\/acovnak.com\/index.php\/product\/peugeot-408-hibrid\/#primaryimage","url":"https:\/\/mlzqr9sz3jli.i.optimole.com\/cb:0gPR.28e\/w:auto\/h:auto\/q:mauto\/f:best\/https:\/\/acovnak.com\/wp-content\/uploads\/2025\/12\/23-peugeot-408-gt^1000x667^.webp","contentUrl":"https:\/\/mlzqr9sz3jli.i.optimole.com\/cb:0gPR.28e\/w:auto\/h:auto\/q:mauto\/f:best\/https:\/\/acovnak.com\/wp-content\/uploads\/2025\/12\/23-peugeot-408-gt^1000x667^.webp","width":889,"height":667},{"@type":"BreadcrumbList","@id":"https:\/\/acovnak.com\/index.php\/product\/peugeot-408-hibrid\/#breadcrumb","itemListElement":[{"@type":"ListItem","position":1,"name":"Home","item":"https:\/\/acovnak.com\/"},{"@type":"ListItem","position":2,"name":"Products","item":"https:\/\/acovnak.com\/index.php\/shop__trashed\/"},{"@type":"ListItem","position":3,"name":"Peugeot 408 Allure HIBRID"}]},{"@type":"WebSite","@id":"https:\/\/acovnak.com\/#website","url":"https:\/\/acovnak.com\/","name":"AC Ovnak","description":"","publisher":{"@id":"https:\/\/acovnak.com\/#organization"},"potentialAction":[{"@type":"SearchAction","target":{"@type":"EntryPoint","urlTemplate":"https:\/\/acovnak.com\/?s={search_term_string}"},"query-input":{"@type":"PropertyValueSpecification","valueRequired":true,"valueName":"search_term_string"}}],"inLanguage":"en-US"},{"@type":"Organization","@id":"https:\/\/acovnak.com\/#organization","name":"AC Ovnak","url":"https:\/\/acovnak.com\/","logo":{"@type":"ImageObject","inLanguage":"en-US","@id":"https:\/\/acovnak.com\/#\/schema\/logo\/image\/","url":"https:\/\/mlzqr9sz3jli.i.optimole.com\/cb:0gPR.28e\/w:auto\/h:auto\/q:mauto\/f:best\/https:\/\/acovnak.com\/wp-content\/uploads\/2025\/06\/Ovnak-auto-centar-crveni.png","contentUrl":"https:\/\/mlzqr9sz3jli.i.optimole.com\/cb:0gPR.28e\/w:auto\/h:auto\/q:mauto\/f:best\/https:\/\/acovnak.com\/wp-content\/uploads\/2025\/06\/Ovnak-auto-centar-crveni.png","width":1726,"height":321,"caption":"AC Ovnak"},"image":{"@id":"https:\/\/acovnak.com\/#\/schema\/logo\/image\/"}}]}},"_links":{"self":[{"href":"https:\/\/acovnak.com\/index.php\/wp-json\/wp\/v2\/product\/2961","targetHints":{"allow":["GET"]}}],"collection":[{"href":"https:\/\/acovnak.com\/index.php\/wp-json\/wp\/v2\/product"}],"about":[{"href":"https:\/\/acovnak.com\/index.php\/wp-json\/wp\/v2\/types\/product"}],"replies":[{"embeddable":true,"href":"https:\/\/acovnak.com\/index.php\/wp-json\/wp\/v2\/comments?post=2961"}],"wp:featuredmedia":[{"embeddable":true,"href":"https:\/\/acovnak.com\/index.php\/wp-json\/wp\/v2\/media\/2962"}],"wp:attachment":[{"href":"https:\/\/acovnak.com\/index.php\/wp-json\/wp\/v2\/media?parent=2961"}],"wp:term":[{"taxonomy":"product_brand","embeddable":true,"href":"https:\/\/acovnak.com\/index.php\/wp-json\/wp\/v2\/product_brand?post=2961"},{"taxonomy":"product_cat","embeddable":true,"href":"https:\/\/acovnak.com\/index.php\/wp-json\/wp\/v2\/product_cat?post=2961"},{"taxonomy":"product_tag","embeddable":true,"href":"https:\/\/acovnak.com\/index.php\/wp-json\/wp\/v2\/product_tag?post=2961"}],"curies":[{"name":"wp","href":"https:\/\/api.w.org\/{rel}","templated":true}]}}